.
2
What is -4 + 3 + -5 + 5?
-1
Evaluate 8 + -25 - -9 - -9.
1
(0 - (-7 + (8 - 1))) + 7
7
Evaluate -1 + 3 + -19 + 15.
-2
Calculate -1 - -8 - (3 + -8 - -7).
5
-1 + (-2 - -5) - 5
-3
What is -14 + 26 + 8 + -12?
8
What is the value of 15 + -4 - 7 - (2 - 0)?
2
What is the value of (13 - 6) + (1 - 4) - 1?
3
Evaluate (-1 - 0) + -6 + 17 + -9.
1
Evaluate -8 - (-8 - -3 - -2).
-5
What is -11 - (-4 + -6) - 6?
-7
What is (7 - 2) + -2 - 0?
3
-9 + (0 + -12 - -28)
7
What is (44 - 42) + (1 - 10) - 2?
-9
1 + -1 + (2 - -1 - 5)
-2
What is the value of -5 + 1 - (4 - 2 - 3)?
-3
What is the value of -2 + 2 - (-3 + 3)?
0
Evaluate (1 - (-3 + 7)) + 11 + -11.
-3
What is (-4 - 4) + 3 + (-3 - 1)?
-9
30 - 34 - (-2 + -1 + -8)
7
Calculate (-2 + 8 - 8) + 7.
5
Calculate -3 + (-1 - -5) + (2 - 5).
-2
Evaluate 4 + (-8 - 4) + 5 + 1.
-2
Evaluate -12 + 3 - (-5 + 0).
-4
Calculate (2 + 0 - 1) + -1 + 4.
4
(9 - 9) + -6 + 13
7
Calculate -3 - (2 + -8) - -2.
5
Evaluate -4 + (7 - 6) - 8.
-11
11 + 0 + (-250 - -246)
7
Evaluate -13 + (10 - (-13 + 2)).
8
Calculate 2 + 2 - 9 - -9.
4
Calculate (-1 - -1) + -14 + 9 - -11.
6
Calculate (21 - 12) + -4 + -6.
-1
2 + (-1 - -2) + -1 - 3
-1
What is -1 + 5 - (15 + -7)?
-4
What is 30 + -23 + (-18 - -2)?
-9
What is the value of -15 - -21 - (0 + -3 + 7)?
2
What is (2 - 0) + (-1 - 0)?
1
What is -1 + 8 + -3 - -2?
6
What is 10 + -14 + 13 + -6?
3
What is -2 + 2 - (1 + -2)?
1
Calculate 0 - (4 - 3) - -2.
1
Calculate -3 + -6 + 1 + 2 + 4.
-2
2 + -12 - -26 - 10
6
What is 3 - (17 - (11 - 5))?
-8
Calculate -13 + 18 + (1 - (2 + 0)).
4
What is 9 - 7 - (-2 + -1) - 10?
-5
What is the value of (3 - (-1 + 5)) + -3?
-4
Calculate -1 + -4 + (-14 - (-15 + 1)).
-5
What is -4 - (5 - (-3 - -13))?
1
Evaluate 0 + (-7 - (-4 - -1)).
-4
What is the value of -6 + 14 + -13 - (-2 - 6)?
3
Calculate -16 + 8 - -11 - (1 + 0).
2
7 - (7 + 0 + -3)
3
-1 + 8 - (4 + 0)
3
What is 2 + -2 + (-1 - (-2 + -1))?
2
What is 2 + (10 - 5 - (0 - -2))?
5
Evaluate 1 + 0 + (3 - 0).
4
What is the value of 2 + 2 + (6 - 6)?
4
Calculate (1 - 8 - -10) + -5.
-2
What is 5 - 1 - (-4 - -5)?
3
Calculate -3 + (3 + 2 - -1).
3
(4 - 2) + -5 - -2
-1
What is -2 + -2 + 2 + 10 + -14?
-6
(-4 - -2) + 6 + -3 + -3
-2
What is 0 + -3 + (-7 - -8)?
-2
(9 - 17) + 1 + 6
-1
3 + (-1 - (0 + 2)) + -4
-4
What is the value of 4 - 6 - 2 - (-6 + -4)?
6
Evaluate 7 - (-4 + -1 + 9).
3
Calculate -6 + (6 - 3 - -9).
6
Calculate -7 + 3 - (-5 - 4).
5
What is -5 + (6 - -3) + 2?
6
-5 + 4 - 8 - -12
3
-7 + 0 + 9 + 0
2
What is the value of (-5 - (-2 + -7)) + -1?
3
-9 + 5 - (-3 + -1 + -1)
1
Evaluate -3 - (6 + -12 - 0).
3
Evaluate 2 + 1 - (-6 - -11).
-2
What is 1 + 3 + 0 - (-2 - 1)?
7
Evaluate 4 + (-1 - -6 - (5 - 1)).
5
Calculate 78 - 73 - (-1 + 10).
-4
What is the value of (-7 - -5) + 1 - 1 - 2?
-4
What is the value of 2 - (-4 - (-8 + 0))?
-2
Evaluate 5 + -12 - ((-4 - -2) + -1).
-4
What is -2 + 10 + -6 + 5 + -12?
-5
Evaluate -5 + ((1 - 1) + -1 - 0).
-6
-6 - (-1 + -10 + 7 - -5)
-7
Evaluate (-1 - 0) + (70 - 62).
7
What is the value of 6 - (3 + -11 - -8)?
6
-1 - (-12 - (-7 + 0) - 1)
5
Calculate (1 - -1) + -5 + 1.
-2
Evaluate 0 - (-8 + 7 + 0 - -6).
-5
Evaluate -13 - (-20 + (2 - -13)).
-8
Calculate -4 + 2 + (-6 - -11).
3
What is the value of (-8 - -2) + -5 + 8?
-3
What is -3 - ((-8 - -3) + -2)?
4
Calculate -4 - (6 - 13) - (-2 + 5).
0
Evaluate 1 + -6 - (-48 + 38).
5
What is -8 + 2 + 3 + -3 + 1?
-5
Calculate -4 - -6 - (4 + -3 + -2).
3
What is the value of -10 - 0 - 3 - (-3 + -5)?
-5
What is the value of (2 - 11) + 4 + -14 + 11?
-8
Calculate (-2 - 1) + 5 + -5.
-3
What is -2 - 0 - (0 - (5 - -1))?
4
What is (0 - -4) + (-10 - -12)?
6
What is (0 - -10) + (-6 - 12)?
-8
-7 - -2 - (6 + 5 + -9)
-7
-1 - 4 - (-34 + 31)
-2
Evaluate (-1 - 2) + 7 + 6 + -11.
-1
9 - -1 - (2 + -4 + 4)
8
1 - (-3 + 4 + -1)
1
What is the value of 8 - (-3 + (-6 - -13))?
4
-1 - 0 - (-9 - (0 - 10))
-2
Evaluate -11 + 3 + 4 + (-6 - -5).
-5
-8 + 15 + -9 - 5
-7
What is the value of 3 + -5 + 0 - (10 - 4)?
-8
Evaluate 7 + 0 - (-10 + 19 + -6).
4
What is -8 + (0 + (5 - 0) - 3)?
-6
Evaluate 5 + (-5 - -1) + -1.
0
Evaluate -6 + 1 + (27 - 19).
3
Calculate -1 - (-2 + (6 - 3) + -2).
0
Evaluate -2 + 1 + -1 + -6 + 10.
2
Calculate 12 + (2 - (13 + -4)).
5
What is -2 - (-12 + (5 - (-5 - -5)))?
5
Calculate 5 - 9 - (-2 + 2).
-4
What is (13 - (3 + 2)) + -1?
7
Calculate -1 + 2 + 5 + -3.
3
Calculate -1 + 2 - (-3 + -1 + 6).
-1
What is the value of 3 + -13 + 6 + 3?
-1
-9 + (-1 - -3) + 12
5
Calculate 5 - (-5 + 13 + -2).
-1
Calculate -11 - -10 - (-1 - (5 + -1)).
4
Evaluate -11 + 2 + (-8 - -21).
4
What is the value of -2 - (-4 + 2 + 0 - -4)?
-4
What is the value of 0 - -1 - (-1 + 0 + 3)?
-1
0 + 2 + -4 + -10 + 11
-1
Evaluate (-11 - ((7 - 0) + -7)) + 6.
-5
Calculate -3 + (2 - (0 - 4)).
3
0 + -6 + (9 - -1)
4
4 - 0 - (19 - (15 + 2))
2
Evaluate -16 - (-10 - 6) - (-7 + 1).
6
Calculate 3 - (3 - (-2 + 6 + 0)).
4
Evaluate -3 - (2 - (8 - (-2 + 0))).
5
Calculate 0 - (4 - (13 + -4 - 5)).
0
Evaluate (2 - 1) + (-3 + 0 - -3).
1
What is the value of (5 - (4 + 0)) + -6 + 8?
3
Calculate -7 + 7 + -4 - 5 - -19.
10
What is the value of 6 - ((8 - 7) + 5)?
0
What is the value of (3 - (10 - 2)) + 3 + -2?
-4
Evaluate 1 - 0 - ((1 - 4) + 1).
3
Evaluate 7 + 3 + -2 - (3 + 16).
-11
-3 + -2 + 6 + 9 + -9
1
What is (1 + -5 - 6) + 5?
-5
1 + (3 - (-1 - (-2 - 0)))
3
What is the value of 9 + -3 + 2 + -4?
4
Calculate -7 - -2 - (6 + -13).
2
Evaluate -9 + 8 - (1 + 1 - 10).
7
154 - 152 - (0 + -1 + 0)
3
-15 + 10 + (2 - -1) + 1
-1
Evaluate -1 + 6 + 1 + -4 + -1.
1
What is 8 + -6 + (-3 - -8)?
7
(5 + -2 - 9) + (4 - 5)
-7
-4 + (1 + 2 - (-2 - -3))
-2
What is 8 + -6 + 6 - 4?
4
-2 + 3 + -4 + (1 - -2)
0
0 + -5 - (7 - (0 + 7))
-5
What is 22 + -9 + -2 - 2?
9
Calculate (-1 - -3) + (-9 + 9 - 1).
1
Evaluate 1 - ((-1 - -4) + -7).
5
What is the value of 3 - -3 - 0 - (-7 - -11)?
2
Evaluate -1 - (-3 - 3) - 3.
2
Calculate 8 - -1 - (23 + -9 + -8).
3
What is the value of -35 - -44 - (7 - 1)?
3
Calculate -1 + 0 + (-37 - -37).
-1
What is (-1 + 8 - (-1 + 4)) + 0?
4
What is 2 - (-4 + (8 - (4 - -1)))?
3
What is (-32 - -32) + 3 + 0 + 2?
5
Evaluate (3 - -7) + (6 + -3 - 5).
8
Evaluate -2 - (55 + -61 - (1 - 9)).
-4
Calculate -2 + (2 - 2) + -3.
-5
What is the value of 7 + -4 + 0 - 3 - -4?
4
Calculate -1 + 0 + (7 - 5) + -6.
-5
Calculate -4 + 0 + 5 - (-1 + -2).
4
Evaluate (2 + 1 - (-1 - -1)) + -4.
-1
Calculate 1 - (-2 - -4) - 0 - -6.
5
What is 0 + -5 + (22 + -7 - 8)?
2
Calculate 7 - ((1 - 5) + 8 + 1).
2
What is 10 - 3 - (8 + -2) - -3?
4
Evaluate -6 - (-8 + 7) - -5.
0
What is 1 + 4 - 4 - (0 - 1)?
2
What is (17 - 21) + (-1 - -7) + -7?
-5
Calculate 0 + (2 - 2) - (-2 - -5).
-3
Calculate -1 + -1 + 3 - (-3 + 5).
-1
Evaluate (8 + -9 - -5) + -7.
-3
What is -22 - -30 - (1 - -5 - 2)?
4
Calculate -3 + (-10 - -6 - -10).
3
What is the value of -1 + (-3 - (4 + -2)) + 6?
0
4 + 0 - (4 - (-5 + 4))
-1
-3 + -1 + -8 + 7
-5
What is -1 - (-4 - (-1 + -1 + -2))?
-1
What is the value of (-4 - (6 + -14)) + -2?
2
-3 + 4 + (6 - 5)
2
Calculate -7 - -12 - (6 + 0).
-1
Calculate 10 + (9 - 13) + (3 - 2).
7
-11 + (-4 - -5 - -1 - -5)
-4
Calculate (-5 - -2 - (1 + -1)) + -2.
-5
Evaluate 0 + -5 + 5 + -12 + 8.
-4
-3 + 10 + -18 + -1 + 3
-9
What is the value of -3 + 15 - (12 - 9)?
9
Evaluate 11 - ((-1 - (-4 + -1)) + -3).
10
What is (3 - (-3 - -7)) + -3 - 0?
-4
What is the value of -5 + (-5 - -2 - -4) + 12?
8
What is 1 - (2 + -8 - -3)?
4
Evaluate (-3 - 4 - -3) + 4.
0
0 + (3 + -12 - (-10 + 3))
-2
What is the value of 12 + -15 - (-5 - -8)?
-6
6 + -5 - (-3 + -1)
5
What is the value of 7 + -2 - (1 + 0)?
4
Calculate (12 - 4) + (3 - 8).
3
-59 - -67 - (8 + 1)
-1
6 - 2 - (5 - (-2 + 4))
1
(10 - 8) + 5 + 0 + -13
-6
Calculate -2 + (1 - 3) - -2 - -3.
1
What is -6 - (-3 - 2 - 0)?
-1
0 + 0 - (11 + -6)
-5
What is -6 + 13 - 10 - -8?
5
What is the value of 6 + -13 + 0 + 5?
-2
9 - (5 - (-3 + 1 + 3))
5
What is (-269 - -260) + 0 + (3 - 2)?
-8
What is -1 + -9 + (243 - 223)?
10
What is the value of -5 - (4 + 3 - 12)?
0
2 - -6 - (17 - 7)
-2
Calculate 8 - (1 + -3 + (14 - 10)).
6
Evaluate -15 + (0 - -7) + 5.
-3
What is 2 + (-1 + (4 - 1) - 6)?
-2
Calculate (-7 - -8) + 0 + -1 + 0.
0
What is 1 + 3 - -1 - (20 - 10)?
-5
Calculate 6 - 5 - (11 + -5 - 12).
7
What is the value of -1 - 6 - -15 - 1?
7
Calculate -10 + 3 + 8 + (1 - 6).
-4
What is -11 - -5 - -6 - 6?
-6
-3 - ((-4 - -2) + 2